{"id":886,"date":"2022-02-22T13:49:29","date_gmt":"2022-02-22T12:49:29","guid":{"rendered":"https:\/\/maximini.eu\/work\/?page_id=886"},"modified":"2026-04-01T14:14:57","modified_gmt":"2026-04-01T12:14:57","slug":"portfolio","status":"publish","type":"page","link":"https:\/\/maximini.eu\/work\/portfolio\/","title":{"rendered":"Projektarbeiten von Katja Maximini"},"content":{"rendered":"<p>Arbeitsproben aus dem Web- und Printbereich:<a id=\"menu\"><\/a><strong><span style=\"font-size: 10pt;\"><br \/>\n<a href=\"#ivw\"> Webdesign IVW e.V. (Teaser, Banner)<\/a><br \/>\n<a href=\"#mdk\">Printdesign MDK Berlin-Brandenburg (Schulungsmaterial)<\/a><br \/>\n<a href=\"#caritas\">Printdesign Caritas-Trier (Pflege-Ratgeber-Reihe)<\/a><br \/>\n<a href=\"#babyschwimmen\">Printdesign Gunhild Blutke (Flyer) <\/a><br \/>\n<a href=\"#rbb\">Webdesign rbb Sandmann (Download-Vorlagen)<\/a><br \/>\n<a href=\"#mediation\">Webdesign Norbert Kaczmarek (Bildschirmpr\u00e4sentation)<\/a><br \/>\n<a href=\"#logos\">Printdesign Logos KMU und Freiberufler<\/a><br \/>\n<a href=\"#visitenkarten\">Printdesign Visitenkarten KMU und Freiberufler<\/a><br \/>\n<a href=\"#geburtshaus\">Printdesign Geburtshaus Charlottenburg (T\u00fcrschilder)<\/a><br \/>\n<a href=\"#lolaschilder\">Printdesign lola spanische Feinkost (Produkttafeln) <\/a><br \/>\n<a href=\"#drkschilder\">Printdesign DRK Kreisverband M\u00fcggelspree e.V. (Fassadenschilder)<\/a><br \/>\n<\/span><\/strong><\/p>\n<hr>\n<h3><a id=\"ivw\"><\/a> Webdesign IVW e.V.<\/h3>\n<p>Gestaltung von Teaser-Grafiken und Newsletter-Bannern f\u00fcr die Webseite der Informationsgemeinschaft zur Feststellung der Verbreitung von Werbetr\u00e4gern e.V. <a href=\"https:\/\/ivw.de\/\" target=\"_blank\" rel=\"noopener\">(IVW)<\/a> aus den Jahren 2020 bis 2024.<\/p>\n<div style=\"max-width: 500px; margin: auto;\"><div class=\"h5p-iframe-wrapper\"><iframe id=\"h5p-iframe-51\" class=\"h5p-iframe\" data-content-id=\"51\" style=\"height:1px\" src=\"about:blank\" frameBorder=\"0\" scrolling=\"no\" title=\"Webdesign f\u00fcr die Informationsgemeinschaft zur Feststellung der Verbreitung von Werbetr\u00e4gern e.V. (IVW)\"><\/iframe><\/div><\/div>\n<div style=\"text-align: right;\"><a href=\"#menu\"><strong>\u2191<\/strong><\/a><\/div>\n<hr>\n<h3><a id=\"mdk\"><\/a>Printdesign MDK Berlin-Brandenburg<\/h3>\n<p>Gestaltung von Schulungsmaterial (Icons, Flyer und F\u00e4cher) f\u00fcr Pr\u00fcfer des <a href=\"https:\/\/www.md-bb.org\/\" target=\"_blank\" rel=\"noopener\">MDK Berlin-Brandenburg<\/a> zum Thema Stichprobenziehung nach neuen Qualit\u00e4tspr\u00fcfungsrichtlinien (QPR) auf Basis der CI des medizinischen Dienstes der Krankenkassen aus den Jahren 2018 bis 2019.<\/p>\n<p>Sechsseitiges Lesezeichen (DIN A4 quer mit 2-Bruch-Wickelfalz)<\/p>\n<div style=\"max-width: 500px; margin: auto;\"><div class=\"h5p-iframe-wrapper\"><iframe id=\"h5p-iframe-56\" class=\"h5p-iframe\" data-content-id=\"56\" style=\"height:1px\" src=\"about:blank\" frameBorder=\"0\" scrolling=\"no\" title=\"MDK Berlin Brandenburg Stichprobenziehung Lesezeichen\"><\/iframe><\/div><\/div>\n<p>F\u00fcnfbl\u00e4ttriger F\u00e4cher (DIN A4 quer)<\/p>\n<div style=\"max-width: 200px; margin: auto;\"><div class=\"h5p-iframe-wrapper\"><iframe id=\"h5p-iframe-55\" class=\"h5p-iframe\" data-content-id=\"55\" style=\"height:1px\" src=\"about:blank\" frameBorder=\"0\" scrolling=\"no\" title=\"MDK Berlin Brandenburg Stichprobenziehung F\u00e4cher\"><\/iframe><\/div><\/div>\n<p>Achtseitiger Flyer&nbsp; (24 cm x 16 cm)<\/p>\n<div style=\"max-width: 500px; margin: auto;\"><div class=\"h5p-iframe-wrapper\"><iframe id=\"h5p-iframe-54\" class=\"h5p-iframe\" data-content-id=\"54\" style=\"height:1px\" src=\"about:blank\" frameBorder=\"0\" scrolling=\"no\" title=\"MDK Berlin Brandenburg Stichprobenziehung Flyer\"><\/iframe><\/div><\/div>\n<div style=\"text-align: right;\"><a href=\"#menu\"><strong>\u2191<\/strong><\/a><\/div>\n<hr>\n<h3><a id=\"caritas\"><\/a>Printdesign Caritas-Trier (Pflege-Ratgeber-Reihe)<\/h3>\n<p>Gestaltung von Grafiken f\u00fcr Umschl\u00e4ge und Innenseiten sowie Satz und Layout von drei 16-seitigen DIN A5 Brosch\u00fcren f\u00fcr Patienten und pflegende Angeh\u00f6rige zu den Themen Dekubitusprophylaxe, Sturzprophylaxe und Harnkontinenz auf Basis des Logos und der Hausfarbe HKS 13 des <a href=\"https:\/\/www.caritas-region-trier.de\/\" target=\"_blank\" rel=\"noopener\">Caritasverband Trier<\/a> aus den Jahren 2015 bis 2016.<\/p>\n<div style=\"max-width: 500px; margin: auto;\"><div class=\"h5p-iframe-wrapper\"><iframe id=\"h5p-iframe-57\" class=\"h5p-iframe\" data-content-id=\"57\" style=\"height:1px\" src=\"about:blank\" frameBorder=\"0\" scrolling=\"no\" title=\"Caritasverband Trier Pflege-Ratgeber\"><\/iframe><\/div><\/div>\n<div style=\"text-align: right;\"><a href=\"#menu\"><strong>\u2191<\/strong><\/a><\/div>\n<hr>\n<h3><a id=\"babyschwimmen\"><\/a>Printdesign Gunhild Blutke<\/h3>\n<p>Gestaltung eines achtseitiger Flyers (DIN A4 quer mit 2-Bruch Wickelfalz) zum Thema Babyschwimmen f\u00fcr M\u00fctter mit Kleinkindern auf Basis von Fotos und Texten des Kunden aus dem Jahr 2008.<\/p>\n<div style=\"max-width: 500px; margin: auto;\"><div class=\"h5p-iframe-wrapper\"><iframe id=\"h5p-iframe-53\" class=\"h5p-iframe\" data-content-id=\"53\" style=\"height:1px\" src=\"about:blank\" frameBorder=\"0\" scrolling=\"no\" title=\"Flyer Babyschwimmen\"><\/iframe><\/div><\/div>\n<div style=\"text-align: right;\"><a href=\"#menu\"><strong>\u2191<\/strong><\/a><\/div>\n<hr>\n<h3><a id=\"rbb\"><\/a>Webdesign rbb Sandmann (Download-Vorlagen)<\/h3>\n<p>Gestaltung von Kalendern, Rezepten und Ausmalbildern mit Sandmann-Figuren nach redaktionellen Vorgaben, DinA4 PDF-Dateien zum Download auf der <a href=\"https:\/\/www.sandmann.de\" target=\"_blank\" rel=\"noopener\">Sandmann-Website <\/a>in Farbe und in schwarz-wei\u00df aus den Jahren 2008 bis 2011. <\/a><\/p>\n<div style=\"max-width: 500px; margin: auto;\"><div class=\"h5p-iframe-wrapper\"><iframe id=\"h5p-iframe-58\" class=\"h5p-iframe\" data-content-id=\"58\" style=\"height:1px\" src=\"about:blank\" frameBorder=\"0\" scrolling=\"no\" title=\"rbb Sandmann\"><\/iframe><\/div><\/div>\n<div style=\"text-align: right;\"><a href=\"#menu\"><strong>\u2191<\/strong><\/a><\/div>\n<hr>\n<h3><a id=\"mediation\"><\/a> Webdesign Norbert Kaczmarek<\/h3>\n<p>Gestaltung von Strichm\u00e4nnchen-Illustrationen und Layout von PowerPoint-Folien f\u00fcr eine Bildschirmpr\u00e4sentation zum Thema Mediation und Konfliktl\u00f6sung aus dem Jahr 2006.<\/p>\n<div style=\"max-width: 500px; margin: auto;\"><div class=\"h5p-iframe-wrapper\"><iframe id=\"h5p-iframe-59\" class=\"h5p-iframe\" data-content-id=\"59\" style=\"height:1px\" src=\"about:blank\" frameBorder=\"0\" scrolling=\"no\" title=\"Norbert Kaczmarek\"><\/iframe><\/div><\/div>\n<div style=\"text-align: right;\"><a href=\"#menu\"><strong>\u2191<\/strong><\/a><\/div>\n<hr>\n<h3><a id=\"logos\"><\/a>Printdesign Logos KMU und Freiberufler<\/h3>\n<p>Gestaltung von Logos aus den Jahren 2006 bis 2026.<\/p>\n<div style=\"max-width: 250px; margin: auto;\"><div class=\"h5p-iframe-wrapper\"><iframe id=\"h5p-iframe-61\" class=\"h5p-iframe\" data-content-id=\"61\" style=\"height:1px\" src=\"about:blank\" frameBorder=\"0\" scrolling=\"no\" title=\"Logos\"><\/iframe><\/div><\/div>\n<div style=\"text-align: right;\"><a href=\"#menu\"><strong>\u2191<\/strong><\/a><\/div>\n<hr>\n<h3><a id=\"visitenkarten\"><\/a>Printdesign Visitenkarten KMU und Freiberufler<\/h3>\n<p>Gestaltung einseitig bedruckter Visitenkarten aus den Jahren 2006 bis 2011.<\/p>\n<div style=\"max-width: 500px; margin: auto;\"><div class=\"h5p-iframe-wrapper\"><iframe id=\"h5p-iframe-60\" class=\"h5p-iframe\" data-content-id=\"60\" style=\"height:1px\" src=\"about:blank\" frameBorder=\"0\" scrolling=\"no\" title=\"Visitenkarten\"><\/iframe><\/div><\/div>\n<div style=\"text-align: right;\"><a href=\"#menu\"><strong>\u2191<\/strong><\/a><\/div>\n<hr>\n<h3><a id=\"geburtshaus\"><\/a>Printdesign Geburtshaus Charlottenburg<\/h3>\n<p>Gestaltung von quadratischen Plexiglas-T\u00fcrschildern (15 x 15 cm) f\u00fcr verschiedene Innenr\u00e4ume des <a href=\"https:\/\/www.geburtshaus-charlottenburg.de\/index.php?id=827\" target=\"_blank\" rel=\"noopener\">Geburtshaus Charlottenburg<\/a> aus dem Jahr 2009.<\/p>\n<div style=\"max-width: 300px; margin: auto;\"><div class=\"h5p-iframe-wrapper\"><iframe id=\"h5p-iframe-52\" class=\"h5p-iframe\" data-content-id=\"52\" style=\"height:1px\" src=\"about:blank\" frameBorder=\"0\" scrolling=\"no\" title=\"T\u00fcrschilder Innenr\u00e4ume Geburtshaus Charlottenburg\"><\/iframe><\/div><\/div>\n<div style=\"text-align: right;\"><a href=\"#menu\"><strong>\u2191<\/strong><\/a><\/div>\n<hr>\n<h3><a id=\"lolaschilder\"><\/a>Printdesign lola spanische Feinkost<\/h3>\n<p>Gestaltung von Druckvorlagen f\u00fcr Stempel und Produkttafeln f\u00fcr den spanischen Feinkost-Marktstand <a href=\"https:\/\/meine-markthalle.de\/marktstaende\/dealer\/lola\" target=\"_blank\" rel=\"noopener\">lola <\/a> aus dem Jahr 2011.<\/p>\n<div style=\"max-width: 300px; margin: auto;\"><div class=\"h5p-iframe-wrapper\"><iframe id=\"h5p-iframe-62\" class=\"h5p-iframe\" data-content-id=\"62\" style=\"height:1px\" src=\"about:blank\" frameBorder=\"0\" scrolling=\"no\" title=\"lola spanische Feinkost\"><\/iframe><\/div><\/div>\n<div style=\"text-align: right;\"><a href=\"#menu\"><strong>\u2191<\/strong><\/a><\/div>\n<hr>\n<h3><a id=\"drkschilder\"><\/a>Printdesign DRK Kreisverband M\u00fcggelspree e.V.<\/h3>\n<p>Druckvorlagen f\u00fcr zwei Fassadenschilder (1,70 x 1 Meter sowie 1,20 x 4 Meter) in der Weitlingstra\u00dfe und in der Waldowallee f\u00fcr den <a href=\"https:\/\/www.drk-mueggelspree.de\/\" target=\"_blank\" rel=\"noopener\">DRK Kreisverband M\u00fcggelspree e.V.<\/a> aus dem Jahr 2007.<\/p>\n<div style=\"max-width: 300px; margin: auto;\"><div class=\"h5p-iframe-wrapper\"><iframe id=\"h5p-iframe-63\" class=\"h5p-iframe\" data-content-id=\"63\" style=\"height:1px\" src=\"about:blank\" frameBorder=\"0\" scrolling=\"no\" title=\"DRK Kreisverband\"><\/iframe><\/div><\/div>\n<div style=\"text-align: right;\"><a href=\"#menu\"><strong>\u2191<\/strong><\/a><\/div>\n","protected":false},"excerpt":{"rendered":"<p>Arbeitsproben aus dem Web- und Printbereich: Webdesign IVW e.V. (Teaser, Banner) Printdesign MDK Berlin-Brandenburg (Schulungsmaterial) Printdesign Caritas-Trier (Pflege-Ratgeber-Reihe) Printdesign Gunhild Blutke (Flyer) Webdesign rbb Sandmann&#8230;<\/p>\n<div class=\"more-link-wrapper\"><a class=\"more-link\" href=\"https:\/\/maximini.eu\/work\/portfolio\/\">weiterlesen<span class=\"screen-reader-text\">Projektarbeiten von Katja Maximini<\/span><\/a><\/div>\n","protected":false},"author":1,"featured_media":1134,"parent":0,"menu_order":0,"comment_status":"closed","ping_status":"closed","template":"","meta":{"ngg_post_thumbnail":0,"footnotes":""},"class_list":["post-886","page","type-page","status-publish","has-post-thumbnail","hentry","entry"],"yoast_head":"<!-- This site is optimized with the Yoast SEO plugin v27.4 - https:\/\/yoast.com\/product\/yoast-seo-wordpress\/ -->\n<title>Projektarbeiten von Katja Maximini - Katja Maximini | work<\/title>\n<meta name=\"description\" content=\"Portfolio Katja Maximini \u2013 Webdesign f\u00fcr IVW, Gestaltung und Druck von Brosch\u00fcren, Visitenkarten &amp; Schildern u.a. f\u00fcr rbb, Caritas und MDK.\" \/>\n<meta name=\"robots\" content=\"index, follow, max-snippet:-1, max-image-preview:large, max-video-preview:-1\" \/>\n<link rel=\"canonical\" href=\"https:\/\/maximini.eu\/work\/portfolio\/\" \/>\n<meta property=\"og:locale\" content=\"de_DE\" \/>\n<meta property=\"og:type\" content=\"article\" \/>\n<meta property=\"og:title\" content=\"Projektarbeiten von Katja Maximini - Katja Maximini | work\" \/>\n<meta property=\"og:url\" content=\"https:\/\/maximini.eu\/work\/portfolio\/\" \/>\n<meta property=\"og:site_name\" content=\"Katja Maximini | work\" \/>\n<meta property=\"article:modified_time\" content=\"2026-04-01T12:14:57+00:00\" \/>\n<meta property=\"og:image\" content=\"https:\/\/maximini.eu\/work\/wp-content\/uploads\/sites\/4\/2022\/02\/header_portfolio.jpg\" \/>\n\t<meta property=\"og:image:width\" content=\"750\" \/>\n\t<meta property=\"og:image:height\" content=\"370\" \/>\n\t<meta property=\"og:image:type\" content=\"image\/jpeg\" \/>\n<meta name=\"twitter:card\" content=\"summary_large_image\" \/>\n<meta name=\"twitter:label1\" content=\"Gesch\u00e4tzte Lesezeit\" \/>\n\t<meta name=\"twitter:data1\" content=\"3\u00a0Minuten\" \/>\n<script type=\"application\/ld+json\" class=\"yoast-schema-graph\">{\"@context\":\"https:\\\/\\\/schema.org\",\"@graph\":[{\"@type\":\"WebPage\",\"@id\":\"https:\\\/\\\/maximini.eu\\\/work\\\/portfolio\\\/\",\"url\":\"https:\\\/\\\/maximini.eu\\\/work\\\/portfolio\\\/\",\"name\":\"Projektarbeiten von Katja Maximini - Katja Maximini | work\",\"isPartOf\":{\"@id\":\"https:\\\/\\\/maximini.eu\\\/work\\\/#website\"},\"primaryImageOfPage\":{\"@id\":\"https:\\\/\\\/maximini.eu\\\/work\\\/portfolio\\\/#primaryimage\"},\"image\":{\"@id\":\"https:\\\/\\\/maximini.eu\\\/work\\\/portfolio\\\/#primaryimage\"},\"thumbnailUrl\":\"https:\\\/\\\/maximini.eu\\\/work\\\/wp-content\\\/uploads\\\/sites\\\/4\\\/2022\\\/02\\\/header_portfolio.jpg\",\"datePublished\":\"2022-02-22T12:49:29+00:00\",\"dateModified\":\"2026-04-01T12:14:57+00:00\",\"description\":\"Portfolio Katja Maximini \u2013 Webdesign f\u00fcr IVW, Gestaltung und Druck von Brosch\u00fcren, Visitenkarten & Schildern u.a. f\u00fcr rbb, Caritas und MDK.\",\"breadcrumb\":{\"@id\":\"https:\\\/\\\/maximini.eu\\\/work\\\/portfolio\\\/#breadcrumb\"},\"inLanguage\":\"de\",\"potentialAction\":[{\"@type\":\"ReadAction\",\"target\":[\"https:\\\/\\\/maximini.eu\\\/work\\\/portfolio\\\/\"]}]},{\"@type\":\"ImageObject\",\"inLanguage\":\"de\",\"@id\":\"https:\\\/\\\/maximini.eu\\\/work\\\/portfolio\\\/#primaryimage\",\"url\":\"https:\\\/\\\/maximini.eu\\\/work\\\/wp-content\\\/uploads\\\/sites\\\/4\\\/2022\\\/02\\\/header_portfolio.jpg\",\"contentUrl\":\"https:\\\/\\\/maximini.eu\\\/work\\\/wp-content\\\/uploads\\\/sites\\\/4\\\/2022\\\/02\\\/header_portfolio.jpg\",\"width\":750,\"height\":370,\"caption\":\"Header Portfolio\"},{\"@type\":\"BreadcrumbList\",\"@id\":\"https:\\\/\\\/maximini.eu\\\/work\\\/portfolio\\\/#breadcrumb\",\"itemListElement\":[{\"@type\":\"ListItem\",\"position\":1,\"name\":\"Startseite\",\"item\":\"https:\\\/\\\/maximini.eu\\\/work\\\/\"},{\"@type\":\"ListItem\",\"position\":2,\"name\":\"Projektarbeiten von Katja Maximini\"}]},{\"@type\":\"WebSite\",\"@id\":\"https:\\\/\\\/maximini.eu\\\/work\\\/#website\",\"url\":\"https:\\\/\\\/maximini.eu\\\/work\\\/\",\"name\":\"Katja Maximini | work\",\"description\":\"\",\"publisher\":{\"@id\":\"https:\\\/\\\/maximini.eu\\\/work\\\/#\\\/schema\\\/person\\\/e5568f683596440f38d468287e995bd5\"},\"potentialAction\":[{\"@type\":\"SearchAction\",\"target\":{\"@type\":\"EntryPoint\",\"urlTemplate\":\"https:\\\/\\\/maximini.eu\\\/work\\\/?s={search_term_string}\"},\"query-input\":{\"@type\":\"PropertyValueSpecification\",\"valueRequired\":true,\"valueName\":\"search_term_string\"}}],\"inLanguage\":\"de\"},{\"@type\":[\"Person\",\"Organization\"],\"@id\":\"https:\\\/\\\/maximini.eu\\\/work\\\/#\\\/schema\\\/person\\\/e5568f683596440f38d468287e995bd5\",\"name\":\"Katja Maximini\",\"image\":{\"@type\":\"ImageObject\",\"inLanguage\":\"de\",\"@id\":\"https:\\\/\\\/secure.gravatar.com\\\/avatar\\\/6b71fa48f76dd3fbb2952f49b5f639da2f333317ec371c541b72bdb7b3ebc4f8?s=96&r=g\",\"url\":\"https:\\\/\\\/secure.gravatar.com\\\/avatar\\\/6b71fa48f76dd3fbb2952f49b5f639da2f333317ec371c541b72bdb7b3ebc4f8?s=96&r=g\",\"contentUrl\":\"https:\\\/\\\/secure.gravatar.com\\\/avatar\\\/6b71fa48f76dd3fbb2952f49b5f639da2f333317ec371c541b72bdb7b3ebc4f8?s=96&r=g\",\"caption\":\"Katja Maximini\"},\"logo\":{\"@id\":\"https:\\\/\\\/secure.gravatar.com\\\/avatar\\\/6b71fa48f76dd3fbb2952f49b5f639da2f333317ec371c541b72bdb7b3ebc4f8?s=96&r=g\"},\"sameAs\":[\"https:\\\/\\\/www.maximini.eu\",\"https:\\\/\\\/www.linkedin.com\\\/in\\\/katja-maximini-68032566\\\/\"]}]}<\/script>\n<!-- \/ Yoast SEO plugin. -->","yoast_head_json":{"title":"Projektarbeiten von Katja Maximini - Katja Maximini | work","description":"Portfolio Katja Maximini \u2013 Webdesign f\u00fcr IVW, Gestaltung und Druck von Brosch\u00fcren, Visitenkarten & Schildern u.a. f\u00fcr rbb, Caritas und MDK.","robots":{"index":"index","follow":"follow","max-snippet":"max-snippet:-1","max-image-preview":"max-image-preview:large","max-video-preview":"max-video-preview:-1"},"canonical":"https:\/\/maximini.eu\/work\/portfolio\/","og_locale":"de_DE","og_type":"article","og_title":"Projektarbeiten von Katja Maximini - Katja Maximini | work","og_url":"https:\/\/maximini.eu\/work\/portfolio\/","og_site_name":"Katja Maximini | work","article_modified_time":"2026-04-01T12:14:57+00:00","og_image":[{"width":750,"height":370,"url":"https:\/\/maximini.eu\/work\/wp-content\/uploads\/sites\/4\/2022\/02\/header_portfolio.jpg","type":"image\/jpeg"}],"twitter_card":"summary_large_image","twitter_misc":{"Gesch\u00e4tzte Lesezeit":"3\u00a0Minuten"},"schema":{"@context":"https:\/\/schema.org","@graph":[{"@type":"WebPage","@id":"https:\/\/maximini.eu\/work\/portfolio\/","url":"https:\/\/maximini.eu\/work\/portfolio\/","name":"Projektarbeiten von Katja Maximini - Katja Maximini | work","isPartOf":{"@id":"https:\/\/maximini.eu\/work\/#website"},"primaryImageOfPage":{"@id":"https:\/\/maximini.eu\/work\/portfolio\/#primaryimage"},"image":{"@id":"https:\/\/maximini.eu\/work\/portfolio\/#primaryimage"},"thumbnailUrl":"https:\/\/maximini.eu\/work\/wp-content\/uploads\/sites\/4\/2022\/02\/header_portfolio.jpg","datePublished":"2022-02-22T12:49:29+00:00","dateModified":"2026-04-01T12:14:57+00:00","description":"Portfolio Katja Maximini \u2013 Webdesign f\u00fcr IVW, Gestaltung und Druck von Brosch\u00fcren, Visitenkarten & Schildern u.a. f\u00fcr rbb, Caritas und MDK.","breadcrumb":{"@id":"https:\/\/maximini.eu\/work\/portfolio\/#breadcrumb"},"inLanguage":"de","potentialAction":[{"@type":"ReadAction","target":["https:\/\/maximini.eu\/work\/portfolio\/"]}]},{"@type":"ImageObject","inLanguage":"de","@id":"https:\/\/maximini.eu\/work\/portfolio\/#primaryimage","url":"https:\/\/maximini.eu\/work\/wp-content\/uploads\/sites\/4\/2022\/02\/header_portfolio.jpg","contentUrl":"https:\/\/maximini.eu\/work\/wp-content\/uploads\/sites\/4\/2022\/02\/header_portfolio.jpg","width":750,"height":370,"caption":"Header Portfolio"},{"@type":"BreadcrumbList","@id":"https:\/\/maximini.eu\/work\/portfolio\/#breadcrumb","itemListElement":[{"@type":"ListItem","position":1,"name":"Startseite","item":"https:\/\/maximini.eu\/work\/"},{"@type":"ListItem","position":2,"name":"Projektarbeiten von Katja Maximini"}]},{"@type":"WebSite","@id":"https:\/\/maximini.eu\/work\/#website","url":"https:\/\/maximini.eu\/work\/","name":"Katja Maximini | work","description":"","publisher":{"@id":"https:\/\/maximini.eu\/work\/#\/schema\/person\/e5568f683596440f38d468287e995bd5"},"potentialAction":[{"@type":"SearchAction","target":{"@type":"EntryPoint","urlTemplate":"https:\/\/maximini.eu\/work\/?s={search_term_string}"},"query-input":{"@type":"PropertyValueSpecification","valueRequired":true,"valueName":"search_term_string"}}],"inLanguage":"de"},{"@type":["Person","Organization"],"@id":"https:\/\/maximini.eu\/work\/#\/schema\/person\/e5568f683596440f38d468287e995bd5","name":"Katja Maximini","image":{"@type":"ImageObject","inLanguage":"de","@id":"https:\/\/secure.gravatar.com\/avatar\/6b71fa48f76dd3fbb2952f49b5f639da2f333317ec371c541b72bdb7b3ebc4f8?s=96&r=g","url":"https:\/\/secure.gravatar.com\/avatar\/6b71fa48f76dd3fbb2952f49b5f639da2f333317ec371c541b72bdb7b3ebc4f8?s=96&r=g","contentUrl":"https:\/\/secure.gravatar.com\/avatar\/6b71fa48f76dd3fbb2952f49b5f639da2f333317ec371c541b72bdb7b3ebc4f8?s=96&r=g","caption":"Katja Maximini"},"logo":{"@id":"https:\/\/secure.gravatar.com\/avatar\/6b71fa48f76dd3fbb2952f49b5f639da2f333317ec371c541b72bdb7b3ebc4f8?s=96&r=g"},"sameAs":["https:\/\/www.maximini.eu","https:\/\/www.linkedin.com\/in\/katja-maximini-68032566\/"]}]}},"_links":{"self":[{"href":"https:\/\/maximini.eu\/work\/wp-json\/wp\/v2\/pages\/886","targetHints":{"allow":["GET"]}}],"collection":[{"href":"https:\/\/maximini.eu\/work\/wp-json\/wp\/v2\/pages"}],"about":[{"href":"https:\/\/maximini.eu\/work\/wp-json\/wp\/v2\/types\/page"}],"author":[{"embeddable":true,"href":"https:\/\/maximini.eu\/work\/wp-json\/wp\/v2\/users\/1"}],"replies":[{"embeddable":true,"href":"https:\/\/maximini.eu\/work\/wp-json\/wp\/v2\/comments?post=886"}],"version-history":[{"count":324,"href":"https:\/\/maximini.eu\/work\/wp-json\/wp\/v2\/pages\/886\/revisions"}],"predecessor-version":[{"id":4356,"href":"https:\/\/maximini.eu\/work\/wp-json\/wp\/v2\/pages\/886\/revisions\/4356"}],"wp:featuredmedia":[{"embeddable":true,"href":"https:\/\/maximini.eu\/work\/wp-json\/wp\/v2\/media\/1134"}],"wp:attachment":[{"href":"https:\/\/maximini.eu\/work\/wp-json\/wp\/v2\/media?parent=886"}],"curies":[{"name":"wp","href":"https:\/\/api.w.org\/{rel}","templated":true}]}}